16445.
3, 5, 13, 101, 127
What are the prime factors of 326393898?
2, 3, 29, 577, 3251
What are the prime factors of 28010074?
2, 1249, 11213
What are the prime factors of 97950423?
3, 2549, 12809
List the prime factors of 258981614.
2, 129490807
List the prime factors of 499786333.
503, 993611
What are the prime factors of 65072371?
7, 13, 41, 107, 163
List the prime factors of 17259176.
2, 11, 29, 6763
What are the prime factors of 90463626?
2, 3, 11, 47, 9721
List the prime factors of 320580981.
3, 7, 726941
What are the prime factors of 57106513?
59, 73, 13259
List the prime factors of 930143.
23, 37, 1093
List the prime factors of 527416311.
3, 193, 910909
List the prime factors of 932663313.
3, 53, 71, 27539
List the prime factors of 54271901.
54271901
List the prime factors of 2748590530.
2, 5, 7, 43, 113, 8081
List the prime factors of 527888005.
5, 179, 281, 2099
List the prime factors of 68179659.
3, 23, 988111
What are the prime factors of 148808488?
2, 227, 81943
What are the prime factors of 36942781?
29, 1273889
What are the prime factors of 320964186?
2, 3, 5647, 9473
List the prime factors of 72597870.
2, 3, 5, 89627
List the prime factors of 2688986933.
61, 101, 107, 4079
List the prime factors of 2950265705.
5, 590053141
What are the prime factors of 177888782?
2, 17, 5232023
List the prime factors of 481019007.
3, 7, 22905667
List the prime factors of 5573515823.
31, 179790833
List the prime factors of 3113293144.
2, 13, 29, 1032259
What are the prime factors of 618247581?
3, 7, 29440361
What are the prime factors of 322918820?
2, 5, 7, 43, 79, 97
List the prime factors of 2087905.
5, 417581
List the prime factors of 11469109.
11469109
List the prime factors of 1262826043.
1262826043
What are the prime factors of 78846117?
3, 7, 3754577
List the prime factors of 491781591.
3, 7, 503, 739
List the prime factors of 358508919.
3, 119502973
What are the prime factors of 6113297508?
2, 3, 53, 59, 162917
What are the prime factors of 632544748?
2, 11, 37, 388541
What are the prime factors of 1777600556?
2, 19, 439, 53279
List the prime factors of 1936024942.
2, 2141, 452131
List the prime factors of 59124126.
2, 3, 1373, 7177
What are the prime factors of 1138544821?
101, 11272721
What are the prime factors of 2845316387?
2845316387
List the prime factors of 89213958.
2, 3, 179, 27689
What are the prime factors of 506519396?
2, 71, 1783519
List the prime factors of 154271774.
2, 6007, 12841
List the prime factors of 85512218.
2, 11, 3886919
What are the prime factors of 5342019006?
2, 3, 4327, 205763
List the prime factors of 65717229.
3, 271, 80833
List the prime factors of 3692421875.
5, 151, 313
List the prime factors of 6452767551.
3, 37, 58133041
What are the prime factors of 1174206560?
2, 5, 211, 34781
What are the prime factors of 21539785?
5, 4307957
List the prime factors of 24087189.
3, 7, 1147009
List the prime factors of 123388759.
13, 730111
List the prime factors of 207333680.
2, 5, 839, 3089
List the prime factors of 66940298.
2, 33470149
What are the prime factors of 27449044?
2, 7, 577, 1699
List the prime factors of 146790712.
2, 18348839
List the prime factors of 2618207193.
3, 7, 124676533
What are the prime factors of 49176436?
2, 257, 47837
List the prime factors of 31894160.
2, 5, 19, 20983
What are the prime factors of 166605447?
3, 53, 1047833
What are the prime factors of 5945417330?
2, 5, 594541733
What are the prime factors of 324649900?
2, 5, 3246499
List the prime factors of 1159224887.
16127, 71881
List the prime factors of 77802172.
2, 7, 2778649
What are the prime factors of 29849617?
7, 149, 28619
What are the prime factors of 189036112?
2, 11814757
List the prime factors of 494914414.
2, 23, 467783
List the prime factors of 325937638.
2, 13, 337, 37199
What are the prime factors of 427559128?
2, 19, 1543, 1823
What are the prime factors of 130412227?
11, 197, 5471
What are the prime factors of 97431446?
2, 7, 613, 11353
List the prime factors of 1270310156.
2, 1129, 281291
What are the prime factors of 51958330?
2, 5, 179, 29027
What are the prime factors of 42674279?
42674279
List the prime factors of 1018888552.
2, 11, 29, 157, 2543
What are the prime factors of 121003871?
383, 315937
List the prime factors of 2176641830.
2, 5, 11, 19787653
List the prime factors of 548199170.
2, 5, 17, 79, 40819
List the prime factors of 34335078.
2, 3, 5722513
What are the prime factors of 70972652?
2, 79, 2843
List the prime factors of 688813529.
47, 71, 151, 1367
What are the prime factors of 1429357253?
107, 1913, 6983
List the prime factors of 1298968729.
15289, 84961
List the prime factors of 101896693.
23, 83, 53377
What are the prime factors of 476171742?
2, 3, 1163, 68239
What are the prime factors of 1298353429?
19, 1163, 58757
List the prime factors of 85402031.
11, 13, 37, 16141
What are the prime factors of 503601414?
2, 3, 29, 953, 3037
What are the prime factors of 13171763?
11, 1197433
What are the prime factors of 111942544?
2, 7, 107, 9341
List the prime factors of 3005851519.
11, 273259229
List the prime factors of 180898752.
2, 3, 29, 53, 613
What are the prime factors of 4213149783?
3, 29, 48427009
What are the prime factors of 331600593?
3, 1069, 103399
What are the prime factors of 94912480?
2, 5, 13, 45631
What are the prime factors of 1489260850?
2, 5, 7, 11, 19, 20359
List the prime factors of 62686453.
19, 1217, 2711
What are the prime factors of 407853267?
3, 31, 4385519
List the prime factors of 381990813.
3, 29, 211, 20809
List the prime factors of 28701223.
193, 148711
List the prime factors of 1937344249.
1937344249
List the prime factors of 65256243.
3, 13, 1673237
List the prime factors of 31962521.
31962521
What are the prime factors of 1430269379?
7, 11, 41, 61, 1061
List the prime factors of 2129344039.
397, 5363587
What are the prime factors of 46084515?
3, 5, 3072301
List the prime factors of 371631448.
2, 347, 133873
What are the prime factors of 63810111?
3, 21270037
List the prime factors of 68325210.
2, 3, 5, 17, 44657
List the prime factors of 87120842.
2, 43560421
What are the prime factors of 489347712?
2, 3, 7, 8669
List the prime factors of 100231679.
100231679
List the prime factors of 590901425.
5, 19, 1244003
What are the prime factors of 1315311768?
2, 3, 61, 299479
List the prime factors of 551433966.
2, 3, 2843, 32327
What are the prime factors of 62565339?
3, 317, 65789
What are the prime factors of 242819625?
3, 5, 23, 47, 599
List the prime factors of 133421942.
2, 23, 2900477
List the prime factors of 41392493.
41, 1009573
What are the prime factors of 60856127?
60856127
What are the prime factors of 1394934162?
2, 3, 29, 8016863
List the prime factors of 9321548.
2, 2330387
What are the prime factors of 66466390?
2, 5, 43, 154573
What are the prime factors of 32698668?
2, 3, 53, 51413
What are the prime factors of 23269702?
2, 17, 127, 317
List the prime factors of 7902509921.
7902509921
List the prime factors of 3272082933.
3, 7, 683, 228131
What are the prime factors of 843215789?
13, 163, 227, 1753
What are the prime factors of 945083021?
251, 3765271
List the prime factors of 810202855.
5, 7, 11, 2104423
List the prime factors of 51548335.
5, 17, 389, 1559
What are the prime factors of 133131617?
10867, 12251
List the prime factors of 451567720.
2, 5, 1597, 7069
What are the prime factors of 21393275?
5, 855731
List the prime factors of 3652368397.
3652368397
What are the prime factors of 383975153?
971, 395443
What are the prime factors of 493108565?
5, 98621713
List the prime factors of 37463364.
2, 3, 19, 18257
What are the prime factors of 115636986?
2, 3, 6424277
List the prime factors of 662075447.
11, 23, 37, 107, 661
What are the prime factors of 91902942?
2, 3, 107, 47717
List the prime factors of 3071437834.
2, 1535718917
List the prime factors of 2222729109.
3, 31, 557, 14303
List the prime factors of 12578807.
12578807
What are the prime factors of 161532603?
3, 5982689
What are the prime factors of 82380424?
2, 7, 1471079
What are the prime factors of 59474018?
2, 29737009
What are the prime factors of 52485961?
11, 19, 107, 2347
List the prime factors of 5893026140.
2, 5, 109, 191, 14153
List the prime factors of 224367894.
2, 3